 u.
3
Suppose -21*y + 5*y + 135040 = 16*y. What is the greatest common factor of y and 10?
10
Let x be ((12 - 8)*9)/(-1 + 0). Let d = x + 79. What is the greatest common factor of 387 and d?
43
Let r(g) = g**2 + 11*g + 49. Let q be r(-23). Suppose -2*d = -5*s + q, s + 5*d - 22 = 43. Calculate the highest common divisor of 26 and s.
13
Suppose 3*x - 4*x = 4*t - 215, 201 = x + 2*t. What is the highest common divisor of 2563 and x?
11
Let s = -1874 + 1878. Let l be 0*1/(-2) + 625. Suppose -i - 1650 = -5*r, 0 = 2*r + s*i - l - 13. Calculate the greatest common divisor of 47 and r.
47
Let c = 176 - 168. What is the highest common divisor of 8 and c?
8
Let t = -39 - -29. Let m(n) = n**3 + 9*n**2 - 12*n - 13. Let r be m(t). Let p = 36 - 1. What is the highest common divisor of p and r?
7
Let b be (-4)/14 + 96/42. Let s(v) = b - 61*v - 59*v + 115*v. Let p be s(-1). Calculate the greatest common divisor of p and 28.
7
Suppose -3*y + y = -2*s + 40, -118 = -5*s - 4*y. Let j = s - -8. Let q be ((-150)/35)/((-2)/7). What is the greatest common factor of j and q?
15
Suppose -5*b = w - 172, w = 302*b - 301*b - 44. What is the highest common factor of 1431 and b?
9
Let y be (-9730)/(-20)*(1 + 1 - (-2 + -14)). What is the greatest common divisor of y and 9?
9
Suppose -4*a - 12 = 5*i, 4*a + 0*i - 12 = i. Suppose 2*u - 11 + 3 = -a*h, 3*u + 2*h = 14. Suppose 4 = u*x - 14. Calculate the greatest common factor of 3 and x.
3
Let j(l) = -7*l**2 - 1250*l + 291. Let p be j(-156). What is the greatest common divisor of p and 153?
153
Let b = -483 - -610. Let k = 160 - b. What is the greatest common factor of k and 990?
33
Let g = -69 + 31. Let p = 53 + g. Let o = -55 + 70. What is the highest common divisor of p and o?
15
Suppose 4030 + 185 = 5*u. Suppose 0 = 25*q - 14*q - 33. Suppose -i - q*d + 399 = i, 4*i - u = 3*d. What is the greatest common divisor of 23 and i?
23
Let o(r) = r - 15. Let w be o(15). Suppose -3*z = 0, 5*i + 11*z - 7*z - 125 = w. Calculate the greatest common factor of i and 75.
25
Suppose 967*w = 182*w + 52863 + 19357. Suppose 3*t - 275 - 55 = 0. Suppose -3*c = 2*c + o - t, 2*o = -2*c + 36. Calculate the highest common factor of c and w.
23
Let u be 6/2*200/15. Suppose 0 = -9*g - 3412 + 1036. Let k = 384 + g. Calculate the greatest common divisor of k and u.
40
Let a(v) = v**3 + 39*v**2 - 2*v - 77. Let p be a(-39). Let d be p + (-4)/(-5)*(-45)/(-18). Calculate the greatest common divisor of d and 75.
3
Let m = -591 + 179. Let q = -380 - m. What is the greatest common divisor of 304 and q?
16
Suppose 4*g = 19 - 7. Suppose -263*d = -261*d + 3*s + 16, s = d - 37. What is the greatest common factor of d and g?
1
Suppose 24*w + 329 = 19*w - 2*s, -3*s - 6 = 0. Let t be (-45 + w)*(-8)/5. Calculate the highest common divisor of 16 and t.
16
Suppose 3*p = 9, -p + 490 - 2917 = -5*y. What is the highest common factor of y and 252?
18
Let t = -1 - -27. Let j = 61 + t. Suppose 3*f + 5*c - 2*c = 57, j = 5*f + c. Calculate the highest common divisor of 170 and f.
17
Suppose 67*h + 13336 = 71*h + 2*s, -6656 = -2*h - 3*s. What is the highest common factor of h and 188?
47
Suppose 4*n + 24 = 0, 3*a + 5*n - 10*n - 87 = 0. Calculate the greatest common divisor of a and 95.
19
Suppose 309*i - 5*h + 5 = 308*i, -2*i + 14 = -4*h. What is the highest common divisor of i and 455?
5
Let q = -77 + -140. Let p = -32 - q. What is the greatest common divisor of p and 5?
5
Let j be (1656/(-180))/(6/(-210)). Calculate the highest common divisor of 19481 and j.
161
Let c = 149 - 14. Let s be (c/(-6))/3*2/(-3). What is the highest common divisor of s and 135?
5
Let f(v) = -v. Let q be f(-8). Suppose -28*m = -1088 - 368. Calculate the highest common divisor of m and q.
4
Let y = -11 + 95. Let s be ((-6)/(-12))/(7/y). Calculate the greatest common factor of 10 and s.
2
Suppose -17 = 4*a + 5*i + 4, -4*a - 4*i - 24 = 0. Let t be ((-384)/(-40) + a)/(1/45). Calculate the highest common divisor of 189 and t.
27
Let l be (-5 + 6)*-2*-6. Let t be ((-78)/l - -6)*-6. Suppose 0 = 3*o + 5*j - 146, -4*j + 165 = 4*o - 43. What is the greatest common divisor of o and t?
3
Let m(i) = -i**3 + 7*i**2 - 4*i - 6. Let z be m(6). Let t = 530 + -510. Let r be (8/(-14))/(t/(-630)). Calculate the highest common divisor of z and r.
6
Suppose 0 = -b + 5*s + 426, -3*s - 246 = b - 712. What is the highest common divisor of b and 44?
11
Suppose -271 - 7369 = -382*t. Let b = -290 + 460. Calculate the greatest common factor of b and t.
10
Let r = -3 + 8. Suppose k = -5*k + 2*k. Suppose k = 3*n - r*t - 113, -15 = 2*t - 5*t. What is the greatest common factor of 115 and n?
23
Let m(d) = 53*d**2 - 119*d + 597. Let w be m(5). What is the highest common divisor of 4 and w?
1
Suppose 0*z - 2*z = -18. Let t be 7 + -3 + 2*(-1)/(-2). Suppose t*i - 267 = -6*p + 2*p, p = -3*i + 72. Calculate the highest common factor of p and z.
9
Let a(q) = q**3 + 11*q**2 + 8*q - 20. Let r be a(-10). Let z = 35 + r. Let x be (z/14)/(2/28). Calculate the highest common divisor of x and 5.
5
Let w(k) = 2*k**2 - 2*k - 2. Suppose -3*l + 3 = -3. Let g be w(l). Suppose 13*v - 15*v = -12. Calculate the greatest common factor of g and v.
2
Let f = 807 - 357. Let o be (19 + -1)/(214/535). What is the highest common factor of f and o?
45
Let x = 563 + -555. Let a(o) = 2*o**2 - 7*o. Let w be a(x). What is the highest common divisor of w and 90?
18
Suppose 99*j - 85 = 98*j. Let k be 4*27/(-12) + 19. What is the highest common factor of k and j?
5
Suppose 0 = 2*t - 33*c + 36*c - 1871, -4*t + 3763 = 3*c. What is the greatest common factor of 3182 and t?
86
Suppose 10 = 2*i + j - 108, -i = -5*j - 48. Suppose -3*l + q + 53 = 7, 36 = 4*l + 5*q. Let o be (58/6)/(l/42). What is the highest common factor of o and i?
29
Let g = 16 - 52. Let a = -30 - g. What is the greatest common factor of 150 and a?
6
Let m(o) = -21*o**3 + 2*o**2 - 1. Let x be m(-1). Let i(p) = -7*p**2 + 315*p + 432. Let c be i(46). Calculate the greatest common factor of c and x.
22
Let l(v) = -3*v + 5. Let q(g) = g - 1. Let c(s) = l(s) + 4*q(s). Let h be c(3). What is the highest common factor of h and 32?
4
Let o = -42 - -49. Suppose -3*a + o = 16. Let z be ((-4)/a + (12 - 15))*-18. Calculate the highest common divisor of z and 5.
5
Let k = -13 - -21. Suppose m - 35 = -3*b, 3*m + 2*b - 152 + 47 = 0. Let z be 826/m + (-8)/(-20). What is the greatest common factor of k and z?
8
Let l(o) = 18*o**2 + 24*o + 435. Let y be l(-11). Calculate the greatest common factor of y and 54.
27
Suppose 3*h + x - 8 = 0, 0 = 4*h - h - 3*x - 36. What is the greatest common factor of h and 2535?
5
Let z be (-3)/(-5)*(-11 + 21) + -1. Suppose 0 = 6*k - z*k - 110. What is the highest common divisor of k and 22?
22
Let d = -7708 - -14148. Calculate the highest common divisor of 40 and d.
40
Let y(i) = -i**3 + i**2 + 38*i - 65. Let q be y(2). Let k be 1/2 + 405/2. Calculate the highest common divisor of k and q.
7
Let z(r) = 85*r**2 + 50*r + 9. Let f be z(-3). What is the highest common factor of f and 494?
26
Let v(h) = -7*h - 44*h**2 + 4 + 47*h**2 + 5. Let w be v(-3). Calculate the greatest common divisor of w and 95.
19
Let q be (475/2)/(2/8). Suppose 10*j - 276 = 3*j - 2*u, -4*u = 2*j - 96. What is the highest common divisor of q and j?
38
Let o(k) = -9*k**2 + 30*k + 703. Let f be o(0). Suppose -5*d - 116 = -3*t, 4*t - 8*d - 152 = -4*d. Calculate the greatest common factor of f and t.
37
Let d(z) be the first derivative of z**3 - 31*z**2/2 + 22*z + 29. Let r be d(10). Let a = 66 - 30. What is the highest common factor of a and r?
12
Suppose -o = -4*a - 3021, o = 2*a - 2*o + 1503. Let v be a/(-297) + 12/(-22). Calculate the greatest common divisor of v and 9.
1
Let n be 1317/12 - (-8)/32. Suppose -4*v - 2*j + n = 0, -13*j = v - 12*j - 28. Calculate the highest common divisor of v and 9.
9
Let d(y) = y**2 - 15*y - 464. Let i be d(42). Calculate the highest common factor of 250 and i.
10
Let f(j) = 17*j + 144. Let g(l) = -l**3 - 11*l**2 - 32*l - 17. Let n be g(-5). Let r be f(n). Calculate the greatest common divisor of r and 25.
25
Let v be 4/8 - 26/4. Let k = 20 - v. Suppose 5*p = 25, 2*o + 4*p = -2*o + 72. Calculate the greatest common factor of k and o.
13
Suppose -27*p + 92*p = -10*p + 3975. Calculate the g